14096c (base 15) in base 10?
964002
Convert -10001000100100011 (base 2) to base 5.
-4214143
What is c61d8 (base 16) in base 3?
1112020010211
Convert -1333032220 (base 5) to base 13.
-924534
What is 158d6 (base 15) in base 12?
34279
5256a8 (base 12) to base 2
100111100001110100000
What is 104230422 (base 5) in base 11?
2956a0
-1210222211 (base 3) to base 9
-53884
Convert -11101112020120 (base 3) to base 7.
-25554453
Convert -14981 (base 16) to base 8.
-244601
b47ba (base 14) to base 6
13154144
-66823 (base 11) to base 13
-350c1
Convert -210210002202 (base 3) to base 4.
-1220222312
-b3ac5 (base 15) to base 10
-569435
Convert 6167b6 (base 15) to base 16.
46a187
What is -6102a (base 12) in base 8?
-366342
Convert -444513 (base 7) to base 5.
-10002314
What is -9d896 (base 15) in base 9?
-843756
-20ce2 (base 16) to base 9
-224280
What is -70098 (base 15) in base 16?
-568d6
Convert -60300214 (base 8) to base 4.
-300120002030
Convert 2486043 (base 9) to base 6.
45021403
Convert 16163836 (base 9) to base 8.
36627302
What is -898b (base 14) in base 9?
-35627
Convert -5242052 (base 6) to base 7.
-2106632
What is -8a86b7 (base 12) in base 11?
-12815a6
What is 210321032 (base 4) in base 6?
3123342
-17a655 (base 13) to base 14
-116802
What is 23023345 (base 6) in base 5?
140000332
What is 832 (base 15) in base 11?
142a
Convert -19389 (base 11) to base 6.
-325212
What is -41a4b4 (base 12) in base 14?
-1ccbb2
Convert 10011011010011101101000 (base 2) to base 12.
1855120
Convert 1010200010201 (base 3) to base 7.
5063044
-2754526 (base 8) to base 15
-10513e
cd6760 (base 14) to base 7
113153150
76b536 (base 12) to base 13
5105a9
Convert -324134514 (base 6) to base 14.
-aacdd4
What is -5735616 (base 8) in base 7?
-16135345
-11000010000101010 (base 2) to base 3
-12001022101
27a179 (base 11) to base 5
103004411
-6509 (base 12) to base 5
-323342
What is -62ac85 (base 16) in base 15?
-87b0cd
Convert -3062320 (base 10) to base 9.
-5676637
Convert a97356 (base 13) to base 6.
221233224
What is 60250450 (base 7) in base 6?
254520244
What is 5c50c3 (base 13) in base 3?
11011022000111
What is 10110000010011001100 (base 2) in base 12?
2a9a90
Convert -166536 (base 8) to base 15.
-13011
Convert 1001010101110100001011 (base 2) to base 14.
47a519
Convert -11110010000000100010101 (base 2) to base 3.
-112220220002122
-12224330 (base 5) to base 6
-2303453
What is 5ba82 (base 12) in base 5?
12433401
What is -30a8792 (base 11) in base 7?
-64342235
20442113 (base 6) to base 13
17b752
Convert -234022 (base 5) to base 6.
-103553
What is -c903 (base 16) in base 2?
-1100100100000011
-1431053 (base 9) to base 6
-24520333
Convert 4232503 (base 6) to base 4.
302131113
-765215 (base 9) to base 12
-1a0242
What is 141466205 (base 7) in base 12?
3127055
170978 (base 12) to base 11
25005a
Convert c774a1 (base 15) to base 10.
9491551
202112232 (base 4) to base 10
140718
What is 2102000202 (base 3) in base 10?
47405
Convert 367528 (base 14) to base 16.
1c7200
331224014 (base 5) to base 9
2618380
11101001000100000 (base 2) to base 11
81720
-4e8292 (base 15) to base 7
-44035304
Convert 4077156 (base 8) to base 3.
2000220202220
Convert -258345 (base 9) to base 2.
-100110010101011011
Convert 43048a (base 14) to base 15.
2ebc85
Convert -11302331013 (base 4) to base 9.
-2765236
What is -67767 (base 12) in base 13?
-4a827
-371200 (base 9) to base 15
-46560
1100001010011001000110 (base 2) to base 6
152200342
-13216026 (base 7) to base 4
-10220201313
What is 152000 (base 7) in base 8?
71472
Convert -2b6ea8 (base 15) to base 9.
-3848475
What is 3556361 (base 8) in base 15?
14392a
Convert -5a5aa0 (base 14) to base 16.
-2f22cc
ea23 (base 16) to base 2
1110101000100011
Convert 31c69 (base 15) to base 7.
1225533
Convert -2228107 (base 10) to base 9.
-4165344
2120211202001 (base 3) to base 14
27adb4
4305034 (base 10) to base 2
10000011011000010001010
-100022100120 (base 4) to base 13
-b542c2
Convert 1a2b2 (base 16) to base 5.
11412221
30010232 (base 5) to base 15
499b2
Convert -1134453 (base 8) to base 5.
-34401142
Convert 90ca20 (base 13) to base 4.
30312223311
-234444233 (base 6) to base 5
-2113013114
-864748 (base 11) to base 3
-2121020101212
-334b (base 16) to base 5
-410011
Convert -1036227 (base 8) to base 3.
-112002212112
What is 416976 (base 12) in base 14?
1ca7d8
What is -215145403 (base 6) in base 8?
-16647053
Convert -11100010000111101 (base 2) to base 8.
-342075
-10000000010110101111010 (base 2) to base 16
-402d7a
514505 (base 6) to base 8
120411
What is 777876 (base 13) in base 6?
140204050
What is -104690 (base 13) in base 11?
-240457
600006 (base 8) to base 7
1446135
What is -32969 (base 14) in base 11?
-84119
Convert -10714707 (base 8) to base 7.
-25555056
What is 487908 (base 14) in base 12?
9b6b58
What is -41412414 (base 6) in base 16?
-124d1a
What is 8370c (base 16) in base 9?
1010460
Convert 442720 (base 10) to base 13.
126685
22021222022 (base 3) to base 12
7a5a5
257e8 (base 16) to base 10
153576
What is 430031 (base 9) in base 8?
763643
What is -241349 (base 15) in base 12?
-6b2589
What is 1404012 (base 7) in base 8?
553622
What is 30988 (base 13) in base 9?
142687
-64598 (base 16) to base 4
-1210112120
Convert -310350 (base 6) to base 5.
-1243022
What is 235504 (base 10) in base 15?
49ba4
556350 (base 8) to base 14
4c53a
What is 481407 (base 10) in base 6?
14152423
-30773740 (base 8) to base 5
-3134122040
What is -314041400 (base 5) in base 7?
-14115322
What is 48d61 (base 14) in base 13?
63196
Convert -2722a5 (base 12) to base 6.
-21505525
What is 3402433 (base 10) in base 6?
200532001
Convert -175560 (base 10) to base 11.
-10a9a0
1203304423 (base 5) to base 12
b27372
What is 1011101111100101010 (base 2) in base 8?
1357452
1164215 (base 8) to base 11
1aa754
What is -358250 (base 14) in base 13?
-4c004a
Convert 2111302132 (base 4) to base 14.
11d83c
Convert 25361a (base 11) to base 10.
400047
Convert 579 (base 15) to base 9.
1626
Convert -1010110010100001110111 (base 2) to base 11.
-166202a
What is -21222254 (base 8) in base 13?
-c286b1
Convert 141134142 (base 5) to base 6.
23305121
-63d42 (base 14) to base 13
-85b02
-598766 (base 10) to base 5
-123130031
What is -222122010012000 (base 3) in base 15?
-1398d69
What is -1100010011001001111010 (base 2) in base 15?
-43a4ab
Convert -553602 (base 7) to base 13.
-35418
What is -482ba6 (base 13) in base 2?
-110100011111011110001
Convert 1122221100 (base 4) to base 11.
233a48
What is 33705 (base 16) in base 5?
23220233
Convert b7311 (base 12) to base 16.
3abfd
Convert -3265203 (base 7) to base 13.
-111444
-4054a (base 11) to base 15
-12833
Convert -2522582 (base 9) to base 16.
-14f402
What is -1201020121010 (base 3) in base 14?
-199a03
1110100011001010000 (base 2) to base 6
14115104
Convert -977b89 (base 14) to base 16.
-4e4a3d
Convert 134131252 (base 6) to base 14.
50a772
What is -21331102 (base 4) in base 2?
-1001111101010010
What is -239077 (base 10) in base 9?
-403851
What is -1111011100011110001 (base 2) in base 8?
-1734361
Convert 605d9 (base 14) to base 3.
102202210021
What is -1c5505 (base 13) in base 16?
-b1364
-212121100312 (base 4) to base 8
-46312066
Convert -10000100110000101 (base 2) to base 10.
-67973
What is -38bad (base 14) in base 16?
-220f5
Convert -31859 (base 10) to base 3.
-1121200222
Convert -2122012110012 (base 3) to base 10.
-1401467
What is -166158 (base 10) in base 7?
-1261266
-301021230 (base 4) to base 8
-611154
c4026 (base 15) to base 14
12247a
Convert -2004204 (base 6) to base 14.
-264c4
Convert 10350405 (base 6) to base 14.
80d13
Convert -5225221 (base 11) to base 13.
-1ba8b26
-11101000000001010000 (base 2) to base 13
-273750
What is 1aa07b (base 12) in base 14?
c4823
42424340 (base 6) to base 7
13414515
Convert -24ca5 (base 15) to base 14.
-30c05
1445257 (base 8) to base 7
3335100
-46048 (base 11) to base 15
-14b02
-5a809 (base 11) to base 16
-155c4
What is 4012102 (base 6) in base 10?
188390
Convert -21304414 (base 5) to base 3.
-100020110112
Convert 11766122 (base 9) to base 7.
100025543
Convert -1306636 (base 12) to base 3.
-21001012110120
Convert 21118 (base 14) to base 9.
131410
Convert -47a73 (base 13) to base 4.
-200011033
Convert 12031101202 (base 4) to base 14.
305030
What is 64ba19 (base 12) in base 4?